{"id":2,"date":"2019-10-29T18:08:16","date_gmt":"2019-10-29T18:08:16","guid":{"rendered":"https:\/\/www.oraculochino.org\/wp\/?page_id=2"},"modified":"2023-09-19T09:36:55","modified_gmt":"2023-09-19T14:36:55","slug":"instrucciones","status":"publish","type":"page","link":"https:\/\/www.oraculochino.org\/iching\/instrucciones\/","title":{"rendered":"Instrucciones"},"content":{"rendered":"\n<h2 class=\"wp-block-heading\">\u00bfC\u00f3mo consultar el I Ching?<\/h2>\n\n\n<div class=\"wp-block-image\">\n<figure class=\"alignright\"><img loading=\"lazy\" decoding=\"async\" width=\"100\" height=\"238\" src=\"https:\/\/www.oraculochino.org\/iching\/wp-content\/uploads\/2019\/10\/iching_float.png\" alt=\"\" class=\"wp-image-9\"\/><figcaption class=\"wp-element-caption\">I Ching<\/figcaption><\/figure><\/div>\n\n\n<p>Lo m\u00e1s importante para no \u00abmolestar\u00bb al I Ching es que debemos tomarnos en serio sus respuestas, tratando de pensar en cada palabra, aunque en principio nos parezcan raras o poco relacionadas con nuestra pregunta.<\/p>\n\n\n\n<p><strong>La formulaci\u00f3n de la pregunta<\/strong>:<\/p>\n\n\n\n<p>El I Ching se basa en el principio de las mutaciones. Por eso una pregunta cerrada del tipo&nbsp;<strong>\u00ab\u00bfCarlos me ama?\u00bb<\/strong>&nbsp;no podr\u00e1 tener nunca una respuesta total. Quiz\u00e1s convenga mejor preguntar:&nbsp;<strong>\u00ab\u00bfCon qu\u00e9 prop\u00f3sito ha llegado Carlos a mi vida?\u00bb<\/strong>.<\/p>\n\n\n\n<p>Si queremos consultar el or\u00e1culo para tomar una decisi\u00f3n, ser\u00eda un error preguntar:&nbsp;<strong>\u00ab\u00bfDebo hacer esto o aquello?\u00bb<\/strong>; conviene partir la pregunta en dos:&nbsp;<strong>\u00ab\u00bfQu\u00e9 suceder\u00e1 en mi vida si hago esto?\u00bb<\/strong>, y luego:&nbsp;<strong>\u00ab\u00bfQu\u00e9 viene para mi vida si hago aquello?\u00bb<\/strong>, y entonces confrontar ambas respuestas.<\/p>\n\n\n\n<p>Es aconsejable consultar el I Ching en los momentos en que necesitamos tomar consciencia de las din\u00e1micas que est\u00e1n movi\u00e9ndose en nuestra vida, para tomar una decisi\u00f3n r\u00e1pida pero importante, o tambi\u00e9n cuando ocurren situaciones inesperadas o extra\u00f1as.<\/p>\n\n\n\n<p>La misma pregunta no se puede repetir m\u00e1s de una vez: si parece que la respuesta del I Ching confunde en lugar de aclarar, debemos dejar pasar tres d\u00edas (72 horas) antes de repetirla.<\/p>\n\n\n\n<h2 class=\"wp-block-heading\">M\u00e9todo de consulta<\/h2>\n\n\n\n<ol class=\"wp-block-list\">\n<li>Consiga tres monedas iguales.<\/li>\n\n\n\n<li>As\u00edgnele a la cara de las monedas el valor de <strong>2<\/strong> y al sello el valor de <strong>3<\/strong>. Si no sabe cu\u00e1l es la cara o el sello de las monedas que tiene, as\u00edgnele de acuerdo a su intuici\u00f3n.<\/li>\n\n\n\n<li>Conc\u00e9ntrese en la pregunta que quiere plantear <!-- (si Ud. es <strong><a href=\"https:\/\/www.oraculochino.org\/iching\/miembros\/\">miembro Premium<\/a><\/strong> de esta web, escr\u00edbala en el campo correspondiente), --> y tenga en cuenta lo que se coment\u00f3 arriba respecto a este punto.<\/li>\n\n\n\n<li>Sin dejar de concentrarse, lance las monedas de modo que caigan delante de usted. Observe que las tres monedas dar\u00e1n una suma correspondiente a 6, 7, 8 \u00f3 9. Anote ese resultado en el cuadro que corresponde al 1er lanzamiento, o sea el inferior.<\/li>\n\n\n\n<li>Repita este procedimiento seis veces, escribiendo en cada una el resultado de la suma de las tres monedas en el respectivo cuadro.<br><strong>Nota:<\/strong>&nbsp;Si no cuenta con monedas f\u00edsicas, hemos dispuesto unas monedas virtuales&nbsp;<img loading=\"lazy\" decoding=\"async\" width=\"40\" height=\"30\" class=\"wp-image-145\" style=\"width: 40px;\" src=\"https:\/\/www.oraculochino.org\/iching\/wp-content\/uploads\/2019\/11\/3coins.png\" alt=\"Las 3 Monedas del I Ching\">al lado de cada casilla para generar autom\u00e1ticamente el resultado de manera aleatoria. No obstante, siempre sugerimos el uso de monedas reales para mayor solemnidad y, por ende, respuestas m\u00e1s certeras.<\/li>\n\n\n\n<li>Cuando termine de hacer los 6 lanzamientos presione CONSULTAR y espere su respuesta. Eso es todo.<br><\/li>\n<\/ol>\n\n\n\n\n\n\n<h2 class=\"wp-block-heading\">\u00bfC\u00f3mo Interpretar la Respuesta?<\/h2>\n\n\n\n<p>La sabidur\u00eda del I Ching reposa en 64 hexagramas que son el resultado de la convergencia y fusi\u00f3n arm\u00f3nica de los principios de polaridad Yin (femenino-tierra) y Yang (masculino-cielo) presentes en todo el Universo de manera din\u00e1mica, no est\u00e1tica, por ello se le llama al I Ching \u00abEl Libro de los Cambios o Mutaciones\u00bb.   <\/p>\n\n\n\n<p>Estas posibilidades de cambio que puede tener cada hexagrama se representan a trav\u00e9s de sus \u00abL\u00edneas M\u00f3viles\u00bb.<\/p>\n\n\n\n<p>As\u00ed pues, cuando obtenga una respuesta del I Ching debe tener presente que:<\/p>\n\n\n\n<ul class=\"wp-block-list\">\n<li>El primer hexagrama representa el estado presente de la situaci\u00f3n planteada.<\/li>\n\n\n\n<li>Las l\u00edneas m\u00f3viles representan las alternativas posibles sobre las cuales la situaci\u00f3n presente puede cambiar o evolucionar.<\/li>\n\n\n\n<li>El segundo hexagrama, tambi\u00e9n llamado hexagrama complementario, representa el estado futuro de la situaci\u00f3n.  Dependiendo de la cantidad de l\u00edneas m\u00f3viles presentes en el primer hexagrama, la situaci\u00f3n futura puede ser alterada desde nuestro libre albedr\u00edo en menor o mayor medida.  Por ejemplo, en caso de que la respuesta contenga una sola l\u00ednea m\u00f3vil, la situaci\u00f3n futura es pr\u00e1cticamente inevitable, caso en el cual, el segundo hexagrama puede tambi\u00e9n interpretarse como un consejo para lo que se viene.<\/li>\n\n\n\n<li>Algunas veces el Or\u00e1culo responde con un \u00fanico hexagrama, sin l\u00edneas m\u00f3viles.  En este caso la respuesta ser\u00e1 dr\u00e1stica y significa que no debes tomar ninguna acci\u00f3n o decisi\u00f3n, sino reflexionar y acudir a tu interior con actitud humilde e introspectiva en espera de Luz Interna. Acudir a la meditaci\u00f3n es recomendable en estos casos.   Puedes volver a consultar al Or\u00e1culo sobre la misma cuesti\u00f3n luego de 72 horas.<\/li>\n<\/ul>\n\n\n\n<hr class=\"wp-block-separator has-css-opacity\"\/>\n\n\n\n<!-- <p>Si estas instrucciones no le son suficientes para saber interpretar las respuestas del I Ching, considere ingresar como <strong><a href=\"https:\/\/www.oraculochino.org\/iching\/miembros\/\">Miembro Premium<\/a><\/strong>, y as\u00ed podr\u00e1 obtener interpretaciones totalmente personalizadas, generadas autom\u00e1ticamente por un sofisticado sistema de Inteligencia Artificial.<\/p> -->\n\n\n\n<div style=\"text-align: center;\"><a href=\"https:\/\/www.oraculochino.org\/iching\/miembros\/consulta-el-i-ching\/\"><button class=\"boton\">Consultar el I Ching<\/button><\/a><\/div>\n","protected":false},"excerpt":{"rendered":"<p>\u00bfC\u00f3mo consultar el I Ching? Lo m\u00e1s importante para no \u00abmolestar\u00bb al I Ching es que debemos tomarnos en serio sus respuestas, tratando de pensar en cada palabra, aunque en principio nos parezcan raras o poco relacionadas con nuestra pregunta. La formulaci\u00f3n de la pregunta: El I Ching se basa en el principio de las &#8230; <a title=\"Instrucciones\" class=\"read-more\" href=\"https:\/\/www.oraculochino.org\/iching\/instrucciones\/\">Read more<\/a><\/p>\n","protected":false},"author":1,"featured_media":0,"parent":0,"menu_order":0,"comment_status":"closed","ping_status":"open","template":"","meta":{"_glsr_average":0,"_glsr_ranking":0,"_glsr_reviews":0,"footnotes":""},"class_list":["post-2","page","type-page","status-publish"],"yoast_head":"<!-- This site is optimized with the Yoast SEO plugin v25.6 - https:\/\/yoast.com\/wordpress\/plugins\/seo\/ -->\n<title>I Ching - Instrucciones<\/title>\n<meta name=\"description\" content=\"Obt\u00e9n respuestas sabias y precisas con nuestro Or\u00e1culo Chino I Ching en l\u00ednea. Utilizamos Inteligencia Artificial para brindarte interpretaciones personalizadas y f\u00e1ciles de entender.\" \/>\n<meta name=\"robots\" content=\"index, follow, max-snippet:-1, max-image-preview:large, max-video-preview:-1\" \/>\n<link rel=\"canonical\" href=\"https:\/\/www.oraculochino.org\/iching\/instrucciones\/\" \/>\n<meta property=\"og:locale\" content=\"es_ES\" \/>\n<meta property=\"og:type\" content=\"article\" \/>\n<meta property=\"og:title\" content=\"I Ching - Instrucciones\" \/>\n<meta property=\"og:description\" content=\"Obt\u00e9n respuestas sabias y precisas con nuestro Or\u00e1culo Chino I Ching en l\u00ednea. Utilizamos Inteligencia Artificial para brindarte interpretaciones personalizadas y f\u00e1ciles de entender.\" \/>\n<meta property=\"og:url\" content=\"https:\/\/www.oraculochino.org\/iching\/instrucciones\/\" \/>\n<meta property=\"og:site_name\" content=\"I Ching\" \/>\n<meta property=\"article:publisher\" content=\"https:\/\/www.facebook.com\/iching.oraculochino\/\" \/>\n<meta property=\"article:modified_time\" content=\"2023-09-19T14:36:55+00:00\" \/>\n<meta property=\"og:image\" content=\"https:\/\/www.oraculochino.org\/iching\/wp-content\/uploads\/2019\/10\/iching_float.png\" \/>\n<meta name=\"twitter:card\" content=\"summary_large_image\" \/>\n<meta name=\"twitter:site\" content=\"@oraculochino\" \/>\n<meta name=\"twitter:label1\" content=\"Tiempo de lectura\" \/>\n\t<meta name=\"twitter:data1\" content=\"4 minutos\" \/>\n<script type=\"application\/ld+json\" class=\"yoast-schema-graph\">{\"@context\":\"https:\/\/schema.org\",\"@graph\":[{\"@type\":\"WebPage\",\"@id\":\"https:\/\/www.oraculochino.org\/iching\/instrucciones\/\",\"url\":\"https:\/\/www.oraculochino.org\/iching\/instrucciones\/\",\"name\":\"I Ching - Instrucciones\",\"isPartOf\":{\"@id\":\"https:\/\/www.oraculochino.org\/iching\/#website\"},\"primaryImageOfPage\":{\"@id\":\"https:\/\/www.oraculochino.org\/iching\/instrucciones\/#primaryimage\"},\"image\":{\"@id\":\"https:\/\/www.oraculochino.org\/iching\/instrucciones\/#primaryimage\"},\"thumbnailUrl\":\"https:\/\/www.oraculochino.org\/iching\/wp-content\/uploads\/2019\/10\/iching_float.png\",\"datePublished\":\"2019-10-29T18:08:16+00:00\",\"dateModified\":\"2023-09-19T14:36:55+00:00\",\"description\":\"Obt\u00e9n respuestas sabias y precisas con nuestro Or\u00e1culo Chino I Ching en l\u00ednea. Utilizamos Inteligencia Artificial para brindarte interpretaciones personalizadas y f\u00e1ciles de entender.\",\"breadcrumb\":{\"@id\":\"https:\/\/www.oraculochino.org\/iching\/instrucciones\/#breadcrumb\"},\"inLanguage\":\"es\",\"potentialAction\":[{\"@type\":\"ReadAction\",\"target\":[\"https:\/\/www.oraculochino.org\/iching\/instrucciones\/\"]}]},{\"@type\":\"ImageObject\",\"inLanguage\":\"es\",\"@id\":\"https:\/\/www.oraculochino.org\/iching\/instrucciones\/#primaryimage\",\"url\":\"https:\/\/www.oraculochino.org\/iching\/wp-content\/uploads\/2019\/10\/iching_float.png\",\"contentUrl\":\"https:\/\/www.oraculochino.org\/iching\/wp-content\/uploads\/2019\/10\/iching_float.png\",\"width\":100,\"height\":238,\"caption\":\"I Ching\"},{\"@type\":\"BreadcrumbList\",\"@id\":\"https:\/\/www.oraculochino.org\/iching\/instrucciones\/#breadcrumb\",\"itemListElement\":[{\"@type\":\"ListItem\",\"position\":1,\"name\":\"Portada\",\"item\":\"https:\/\/www.oraculochino.org\/iching\/\"},{\"@type\":\"ListItem\",\"position\":2,\"name\":\"Instrucciones\"}]},{\"@type\":\"WebSite\",\"@id\":\"https:\/\/www.oraculochino.org\/iching\/#website\",\"url\":\"https:\/\/www.oraculochino.org\/iching\/\",\"name\":\"I Ching\",\"description\":\"El Or\u00e1culo Chino de los Cambios\",\"publisher\":{\"@id\":\"https:\/\/www.oraculochino.org\/iching\/#organization\"},\"potentialAction\":[{\"@type\":\"SearchAction\",\"target\":{\"@type\":\"EntryPoint\",\"urlTemplate\":\"https:\/\/www.oraculochino.org\/iching\/?s={search_term_string}\"},\"query-input\":{\"@type\":\"PropertyValueSpecification\",\"valueRequired\":true,\"valueName\":\"search_term_string\"}}],\"inLanguage\":\"es\"},{\"@type\":\"Organization\",\"@id\":\"https:\/\/www.oraculochino.org\/iching\/#organization\",\"name\":\"Or\u00e1culo Chino\",\"alternateName\":\"i ching\",\"url\":\"https:\/\/www.oraculochino.org\/iching\/\",\"logo\":{\"@type\":\"ImageObject\",\"inLanguage\":\"es\",\"@id\":\"https:\/\/www.oraculochino.org\/iching\/#\/schema\/logo\/image\/\",\"url\":\"https:\/\/www.oraculochino.org\/iching\/wp-content\/uploads\/2023\/02\/I-Ching-cuero-e1676658649719.jpg\",\"contentUrl\":\"https:\/\/www.oraculochino.org\/iching\/wp-content\/uploads\/2023\/02\/I-Ching-cuero-e1676658649719.jpg\",\"width\":375,\"height\":375,\"caption\":\"Or\u00e1culo Chino\"},\"image\":{\"@id\":\"https:\/\/www.oraculochino.org\/iching\/#\/schema\/logo\/image\/\"},\"sameAs\":[\"https:\/\/www.facebook.com\/iching.oraculochino\/\",\"https:\/\/x.com\/oraculochino\",\"https:\/\/tiktok.com\/@OraculoChino\",\"https:\/\/www.instagram.com\/oraculochino\/\"]}]}<\/script>\n<!-- \/ Yoast SEO plugin. -->","yoast_head_json":{"title":"I Ching - Instrucciones","description":"Obt\u00e9n respuestas sabias y precisas con nuestro Or\u00e1culo Chino I Ching en l\u00ednea. Utilizamos Inteligencia Artificial para brindarte interpretaciones personalizadas y f\u00e1ciles de entender.","robots":{"index":"index","follow":"follow","max-snippet":"max-snippet:-1","max-image-preview":"max-image-preview:large","max-video-preview":"max-video-preview:-1"},"canonical":"https:\/\/www.oraculochino.org\/iching\/instrucciones\/","og_locale":"es_ES","og_type":"article","og_title":"I Ching - Instrucciones","og_description":"Obt\u00e9n respuestas sabias y precisas con nuestro Or\u00e1culo Chino I Ching en l\u00ednea. Utilizamos Inteligencia Artificial para brindarte interpretaciones personalizadas y f\u00e1ciles de entender.","og_url":"https:\/\/www.oraculochino.org\/iching\/instrucciones\/","og_site_name":"I Ching","article_publisher":"https:\/\/www.facebook.com\/iching.oraculochino\/","article_modified_time":"2023-09-19T14:36:55+00:00","og_image":[{"url":"https:\/\/www.oraculochino.org\/iching\/wp-content\/uploads\/2019\/10\/iching_float.png","type":"","width":"","height":""}],"twitter_card":"summary_large_image","twitter_site":"@oraculochino","twitter_misc":{"Tiempo de lectura":"4 minutos"},"schema":{"@context":"https:\/\/schema.org","@graph":[{"@type":"WebPage","@id":"https:\/\/www.oraculochino.org\/iching\/instrucciones\/","url":"https:\/\/www.oraculochino.org\/iching\/instrucciones\/","name":"I Ching - Instrucciones","isPartOf":{"@id":"https:\/\/www.oraculochino.org\/iching\/#website"},"primaryImageOfPage":{"@id":"https:\/\/www.oraculochino.org\/iching\/instrucciones\/#primaryimage"},"image":{"@id":"https:\/\/www.oraculochino.org\/iching\/instrucciones\/#primaryimage"},"thumbnailUrl":"https:\/\/www.oraculochino.org\/iching\/wp-content\/uploads\/2019\/10\/iching_float.png","datePublished":"2019-10-29T18:08:16+00:00","dateModified":"2023-09-19T14:36:55+00:00","description":"Obt\u00e9n respuestas sabias y precisas con nuestro Or\u00e1culo Chino I Ching en l\u00ednea. Utilizamos Inteligencia Artificial para brindarte interpretaciones personalizadas y f\u00e1ciles de entender.","breadcrumb":{"@id":"https:\/\/www.oraculochino.org\/iching\/instrucciones\/#breadcrumb"},"inLanguage":"es","potentialAction":[{"@type":"ReadAction","target":["https:\/\/www.oraculochino.org\/iching\/instrucciones\/"]}]},{"@type":"ImageObject","inLanguage":"es","@id":"https:\/\/www.oraculochino.org\/iching\/instrucciones\/#primaryimage","url":"https:\/\/www.oraculochino.org\/iching\/wp-content\/uploads\/2019\/10\/iching_float.png","contentUrl":"https:\/\/www.oraculochino.org\/iching\/wp-content\/uploads\/2019\/10\/iching_float.png","width":100,"height":238,"caption":"I Ching"},{"@type":"BreadcrumbList","@id":"https:\/\/www.oraculochino.org\/iching\/instrucciones\/#breadcrumb","itemListElement":[{"@type":"ListItem","position":1,"name":"Portada","item":"https:\/\/www.oraculochino.org\/iching\/"},{"@type":"ListItem","position":2,"name":"Instrucciones"}]},{"@type":"WebSite","@id":"https:\/\/www.oraculochino.org\/iching\/#website","url":"https:\/\/www.oraculochino.org\/iching\/","name":"I Ching","description":"El Or\u00e1culo Chino de los Cambios","publisher":{"@id":"https:\/\/www.oraculochino.org\/iching\/#organization"},"potentialAction":[{"@type":"SearchAction","target":{"@type":"EntryPoint","urlTemplate":"https:\/\/www.oraculochino.org\/iching\/?s={search_term_string}"},"query-input":{"@type":"PropertyValueSpecification","valueRequired":true,"valueName":"search_term_string"}}],"inLanguage":"es"},{"@type":"Organization","@id":"https:\/\/www.oraculochino.org\/iching\/#organization","name":"Or\u00e1culo Chino","alternateName":"i ching","url":"https:\/\/www.oraculochino.org\/iching\/","logo":{"@type":"ImageObject","inLanguage":"es","@id":"https:\/\/www.oraculochino.org\/iching\/#\/schema\/logo\/image\/","url":"https:\/\/www.oraculochino.org\/iching\/wp-content\/uploads\/2023\/02\/I-Ching-cuero-e1676658649719.jpg","contentUrl":"https:\/\/www.oraculochino.org\/iching\/wp-content\/uploads\/2023\/02\/I-Ching-cuero-e1676658649719.jpg","width":375,"height":375,"caption":"Or\u00e1culo Chino"},"image":{"@id":"https:\/\/www.oraculochino.org\/iching\/#\/schema\/logo\/image\/"},"sameAs":["https:\/\/www.facebook.com\/iching.oraculochino\/","https:\/\/x.com\/oraculochino","https:\/\/tiktok.com\/@OraculoChino","https:\/\/www.instagram.com\/oraculochino\/"]}]}},"_links":{"self":[{"href":"https:\/\/www.oraculochino.org\/iching\/wp-json\/wp\/v2\/pages\/2"}],"collection":[{"href":"https:\/\/www.oraculochino.org\/iching\/wp-json\/wp\/v2\/pages"}],"about":[{"href":"https:\/\/www.oraculochino.org\/iching\/wp-json\/wp\/v2\/types\/page"}],"author":[{"embeddable":true,"href":"https:\/\/www.oraculochino.org\/iching\/wp-json\/wp\/v2\/users\/1"}],"replies":[{"embeddable":true,"href":"https:\/\/www.oraculochino.org\/iching\/wp-json\/wp\/v2\/comments?post=2"}],"version-history":[{"count":0,"href":"https:\/\/www.oraculochino.org\/iching\/wp-json\/wp\/v2\/pages\/2\/revisions"}],"wp:attachment":[{"href":"https:\/\/www.oraculochino.org\/iching\/wp-json\/wp\/v2\/media?parent=2"}],"curies":[{"name":"wp","href":"https:\/\/api.w.org\/{rel}","templated":true}]}}