{"id":156,"date":"2019-11-02T18:10:37","date_gmt":"2019-11-02T23:10:37","guid":{"rendered":"https:\/\/www.oraculochino.org\/iching\/?page_id=156"},"modified":"2023-09-19T09:34:03","modified_gmt":"2023-09-19T14:34:03","slug":"historia","status":"publish","type":"page","link":"https:\/\/www.oraculochino.org\/iching\/historia\/","title":{"rendered":"Historia de esta Web"},"content":{"rendered":"\n<p>Cali, Colombia a finales del siglo pasado.  Dos compa\u00f1eros universitarios, reci\u00e9n egresados de Ingenier\u00eda Electr\u00f3nica, se divert\u00edan desarrollando p\u00e1ginas web como empleados de una compa\u00f1\u00eda de acceso a Internet llamada Telesat.<\/p>\n\n\n\n<p>Estos chicos, Lucio P\u00e9rez y Alex Rhomandt, ten\u00edan adem\u00e1s otras aficiones:  Lucio hab\u00eda sido integrante de una banda de rock en su \u00e9poca universitaria.  Alex era conocido como \u00abel mago\u00bb, no solo por su gran talento haciendo actos ilusionistas, sino tambi\u00e9n por su lado m\u00edstico, adem\u00e1s de que era un gran bailar\u00edn.<\/p>\n\n\n<div class=\"wp-block-image\">\n<figure class=\"aligncenter is-resized\"><img loading=\"lazy\" decoding=\"async\" src=\"https:\/\/www.oraculochino.org\/iching\/wp-content\/uploads\/2019\/11\/LucioPerez_AlexRhomandt_1998.jpg\" alt=\"\" class=\"wp-image-171\" style=\"width:317px;height:316px\" width=\"317\" height=\"316\" srcset=\"https:\/\/www.oraculochino.org\/iching\/wp-content\/uploads\/2019\/11\/LucioPerez_AlexRhomandt_1998.jpg 486w, https:\/\/www.oraculochino.org\/iching\/wp-content\/uploads\/2019\/11\/LucioPerez_AlexRhomandt_1998-150x150.jpg 150w, https:\/\/www.oraculochino.org\/iching\/wp-content\/uploads\/2019\/11\/LucioPerez_AlexRhomandt_1998-300x300.jpg 300w\" sizes=\"(max-width: 317px) 100vw, 317px\" \/><figcaption class=\"wp-element-caption\">Lucio y Alex, tal como se ve\u00edan en 1998<\/figcaption><\/figure><\/div>\n\n\n<h2 class=\"wp-block-heading\">El primer contacto<\/h2>\n\n\n\n<p>Un d\u00eda, como cualquier otro, Alex lleg\u00f3 sonriente a la oficina de Lucio y le dijo:<\/p>\n\n\n\n<p>&#8211; Buj\u00eda, ven\u00ed ve, te leo el I Ching.  (\u00abBuj\u00eda\u00bb era como cari\u00f1osamente apodaban a Lucio en la oficina).<\/p>\n\n\n\n<p>&#8211; El I Ching \u00bfY qu\u00e9 es eso pues? &#8211; respondi\u00f3 Lucio, con su acento pastuso.   (Pasto es una ciudad que queda bastante cerca a Ecuador y por ello el acento de su gente es muy diferente a los dem\u00e1s acentos de Colombia).<\/p>\n\n\n\n<p>&#8211; Luego te explico, solo sac\u00e1 tres monedas, asignale el 2 a un lado y el 3 a otro lado, y lanzalas seis veces, haciendo cualquier pregunta de lo que quer\u00e1s saber de tu vida.<\/p>\n\n\n\n<p>Lucio sigui\u00f3 las instrucciones de Alex, quien iba sumando los valores de los seis lanzamientos, y entonces abri\u00f3 un viejo libro de p\u00e1ginas amarillentas y de autor desconocido (hasta la fecha se desconoce el autor de dicho libro),  ojeaba entre varias de las p\u00e1ginas, buscando lo que necesitaba y, finalmente, en un papel escribi\u00f3 la respuesta a la pregunta que Lucio hab\u00eda hecho en su mente.<\/p>\n\n\n\n<p>Lucio, quien en aquella \u00e9poca era alguien racional y muy esc\u00e9ptico a todos estos temas adivinatorios, ley\u00f3 la respuesta y qued\u00f3 bastante sorprendido por su gran precisi\u00f3n.  De modo que la curiosidad lo asalt\u00f3 y le pregunt\u00f3 a Alex c\u00f3mo hab\u00eda obtenido la respuesta del libro, teniendo como \u00fanico insumo los valores de los seis lanzamientos.<\/p>\n\n\n\n<p>Alex entonces le explic\u00f3 el m\u00e9todo para obtener el primer hexagrama, las l\u00edneas m\u00f3viles y el hexagrama complementario, a partir de simplemente seis valores.<\/p>\n\n\n\n<p>Cuando Lucio entendi\u00f3 el procedimiento, su mente de programador le dej\u00f3 saber que eso se pod\u00eda automatizar y le propuso a Alex crear la versi\u00f3n virtual del I Ching y publicarla en la web.<\/p>\n\n\n\n<p>Alex se entusiasm\u00f3 mucho ante esa posibilidad y expres\u00f3:<\/p>\n\n\n\n<p>&#8211; \u00ab\u00a1Marica, \u00bfen serio?!  \u00a1\u00a1El I Ching es un libro milenario! ponerlo en Internet al alcance de todo el mundo ser\u00eda una chimba!\u00bb.   (La expresi\u00f3n \u00abuna chimba\u00bb en jerga cale\u00f1a significa: \u00abextremadamente fabuloso\u00bb).<\/p>\n\n\n\n\n\n\n<h2 class=\"wp-block-heading\">El Desarrollo<\/h2>\n\n\n\n<p>Lucio le encarg\u00f3 entonces a Alex de transcribir los textos del libro a formato digital, mientras \u00e9l se encargar\u00eda de dise\u00f1ar y codificar el algoritmo, utilizando lenguaje PERL para ello.<\/p>\n\n\n\n<p>En las semanas siguientes ambos chicos hicieron sus respectivas labores, adem\u00e1s de innumerables pruebas para comprobar que el resultado del software era exactamente igual a la consulta manual sobre el libro, y as\u00ed, en un mes de noviembre de 1998, se publicaba por primera vez en el mundo hispano de Internet, la versi\u00f3n virtual del I Ching, accesible en:  www.telesat.com.co\/iching<\/p>\n\n\n\n<p>Los primeros usuarios fueron los empleados y clientes de Telesat, y poco a poco se fue extendiendo su uso en la comunidad local de manera totalmente org\u00e1nica. (En esa \u00e9poca no exist\u00eda Google, ni mucho menos t\u00e9cnicas de SEO)<\/p>\n\n\n\n<p>En los meses siguientes, tanto Lucio como Alex, dejaron dicha compa\u00f1\u00eda para avanzar en sus labores profesionales por diferentes horizontes.  El I Ching, as\u00ed como muchos otros desarrollos web, quedaron atr\u00e1s para ellos.<\/p>\n\n\n\n<p>7 a\u00f1os despu\u00e9s, en el 2005, Telesat fue comprada  por otra empresa llamada Coldec\u00f3n, con el consecuente cambio de directivas y empleados. <\/p>\n\n\n\n<h2 class=\"wp-block-heading\">El Reencuentro<\/h2>\n\n\n\n<p>Corr\u00eda el a\u00f1o 2008,  por diferentes situaciones ocurridas en su vida, Lucio hab\u00eda comenzado su camino de b\u00fasqueda espiritual, y frecuentaba algunos foros en Internet donde se compart\u00eda ense\u00f1anzas m\u00edsticas.  En aquella \u00e9poca las redes sociales estaban a\u00fan en pa\u00f1ales. <\/p>\n\n\n\n<p>Fue una grata sorpresa para \u00e9l enterarse que varios de los participantes de dicho foro, mayoritariamente gente de Espa\u00f1a, eran asiduos usuarios del I Ching que a\u00fan funcionaba en la direcci\u00f3n: www.telesat.com.co\/iching, aunque ning\u00fan otro sitio funcionaba bajo ese dominio.  <\/p>\n\n\n\n<p>Aunque muchos de ellos no le creyeron a Lucio cuando \u00e9l les coment\u00f3 que \u00e9se famoso I Ching hab\u00eda sido creado por \u00e9l y un amigo, para \u00e9l signific\u00f3 un re-encuentro con el I Ching ahora que su nivel de consciencia era otro. Record\u00f3 con alegr\u00eda c\u00f3mo fue que vio la luz, y entonces, repar\u00f3 en que el dominio telesat.com.co pod\u00eda desaparecer en cualquier momento, ya que \u00e9l sab\u00eda que Telesat hab\u00eda sido adquirida por otra empresa.<\/p>\n\n\n\n<p>Se puso en contacto entonces con el personal t\u00e9cnico de Coldec\u00f3n, y solicit\u00f3 acceso a los archivos (html y scripts) del I Ching.   Para demostrar que \u00e9l era el desarrollador de ese sitio, les solicit\u00f3 a los nuevos administradores que miraran en el c\u00f3digo fuente y ah\u00ed encontrar\u00edan su nombre escrito (Lucio acostumbraba siempre a colocar su nombre y su email al inicio de todos los programas que desarrollaba).   <\/p>\n\n\n\n<p>Gracias a ese detalle pudo recuperar las fuentes del I Ching y decidi\u00f3 entonces comprar un nuevo dominio: oraculochino.org, re-escribi\u00f3 el c\u00f3digo en lenguaje PHP, y le agreg\u00f3 algunos banners de AdSense con miras a que el I Ching fuera auto-sostenible, es decir, capaz de pagar su propio hosting y dominio.<\/p>\n\n\n\n<p>Sin embargo, los ingresos v\u00eda AdSense eran muy pocos, no alcanzaban a cubrir el valor del hosting, as\u00ed que se dispuso un bot\u00f3n de donaciones v\u00eda Paypal, lo cual tampoco tuvo mayor efecto.  Agradecemos, no obstante, a las 3 o 4 personas que amablemente donaron algo de dinero en aquella \u00e9poca.<\/p>\n\n\n\n<p>Curiosamente, al poco tiempo, Alex not\u00f3 que el I Ching hab\u00eda cambiado de direcci\u00f3n y ten\u00eda banners publicitarios, y escribi\u00f3 a trav\u00e9s del link de contacto de la web para ver qui\u00e9n estaba detr\u00e1s de dichos cambios. (Lucio y Alex hab\u00edan perdido contacto hace a\u00f1os).  Cuando Lucio le respondi\u00f3 y Alex se dio cuenta de que estaba en manos de su compa\u00f1ero de universidad, la tranquilidad lleg\u00f3 y entonces aprovech\u00f3 para darle unos retoques en el dise\u00f1o gr\u00e1fico, aunque luego de ello, debido a sus m\u00faltiples ocupaciones, ya no sigui\u00f3 involucrado en su administraci\u00f3n.   <\/p>\n\n\n\n\n\n\n<h2 class=\"wp-block-heading\">La Salvaci\u00f3n<\/h2>\n\n\n\n<p>Al cabo de unas cuantas semanas ocurri\u00f3 algo inesperado.  La empresa Coldec\u00f3n quebr\u00f3 sin aviso previo y dej\u00f3 de prestar sus servicios abruptamente, dejando a miles de clientes sin acceso a su correo y a sus sitios web. (<a rel=\"noreferrer noopener\" aria-label=\"ver archivo de la noticia aqu\u00ed (abre en una nueva pesta\u00f1a)\" href=\"http:\/\/historico.elpais.com.co\/paisonline\/notas\/Enero272009\/telesatycoldeconfueradeservicio.html\" target=\"_blank\">ver archivo de la noticia aqu\u00ed<\/a>)<\/p>\n\n\n\n<p>Aunque parezca ficci\u00f3n, esto nos dej\u00f3 saber que el mismo I Ching, consciente de lo que iba a pasar, cre\u00f3 las circunstancias para que sus desarrolladores lo re-encontraran y lo pusieran a salvo con un nuevo dominio y hosting. De lo contrario hubiera desaparecido como sucedi\u00f3 con tantos otros buenos sitios creados originalmente en Telesat, como el portal caliescali.com por ejemplo.<\/p>\n\n\n\n<p>A partir de entonces (2009) el I Ching ha reposado tranquilamente bajo el dominio <a href=\"https:\/\/www.oraculochino.org\/iching\/\">oraculochino.org<\/a> sirviendo a miles y miles de personas en toda hispanoam\u00e9rica. <\/p>\n\n\n\n<p>En alg\u00fan momento, Lucio intent\u00f3 expandir su alcance a personas del mundo anglosaj\u00f3n, desarrollando la versi\u00f3n en Ingl\u00e9s, sin embargo, la respuesta del p\u00fablico a dicha versi\u00f3n fue poca.   Todo apunta a que esta web est\u00e1 destinada a apoyar principalmente al p\u00fablico hispano.<\/p>\n\n\n\n<h2 class=\"wp-block-heading\">De Cara al Futuro<\/h2>\n\n\n\n<p>En 2017 Lucio emigra a los EEUU, lugar en el que pudo volver a contar con tiempo para atender al I Ching, puliendo algunos detallitos, y vio que ya no era viable seguir manteniendo un desarrollo de 20 a\u00f1os de antig\u00fcedad, as\u00ed que comenz\u00f3 a planificar su redise\u00f1o; hasta que  finalmente, en Noviembre de 2019, oraculochino.org renace con un desarrollo acorde a las tecnolog\u00edas web propias de esta \u00e9poca, cuando m\u00e1s del 80% de nuestros visitantes lo consultan desde su smartphone. <\/p>\n\n\n\n<!-- <p>En 2022, se lanza la <strong><a href=\"https:\/\/www.oraculochino.org\/iching\/miembros\/\">Versi\u00f3n PREMIUM<\/a><\/strong> de OraculoChino.org en donde los miembros puedan hacer uso de nuevas y muy \u00fatiles caracter\u00edsticas, como el poder llevar un registro hist\u00f3rico de sus consultas, revisar cada uno de los 64 hexagramas, solicitar al or\u00e1culo una respuesta cerrada (s\u00ed\/no), y lo m\u00e1s novedoso: obtener <strong>interpretaciones personalizadas<\/strong>, generadas autom\u00e1ticamente por un sofisticado sistema de <strong>Inteligencia Artificial<\/strong>, el cual se entrena con las consultas hechas por cada usuario y las respuestas que el I Ching brinda.<\/p> -->\n\n\n\n<!-- <p>Confiamos que, a partir de ahora, muchos de los leales usuarios de oraculochino.org aprovechar\u00e1n los beneficios de volverse <strong>Miembros Premium<\/strong>.<\/p> -->\n\n\n\n<p><strong>Nota final:<\/strong> Aunque actualmente existe una app para Android que se llama \u00aboraculo chino\u00bb, aclaramos que no tiene ninguna relaci\u00f3n con este sitio.  <\/p>\n\n\n\n<h2 class=\"wp-block-heading\">Escr\u00edbenos<\/h2>\n\n\n\n<p>Nos agradar\u00eda mucho saber c\u00f3mo conociste este sitio, y sobre todo, c\u00f3mo ha sido \u00fatil para tu vida.  <\/p>\n\n\n\n<p>Puedes enviarnos tus comentarios a trav\u00e9s de nuestro <a href=\"https:\/\/www.oraculochino.org\/iching\/contacto\/\">formulario de contacto<\/a>.<\/p>\n\n\n\n<p>\u00a1Gracias!<\/p>\n\n\n\n<p><\/p>\n","protected":false},"excerpt":{"rendered":"<p>Cali, Colombia a finales del siglo pasado. Dos compa\u00f1eros universitarios, reci\u00e9n egresados de Ingenier\u00eda Electr\u00f3nica, se divert\u00edan desarrollando p\u00e1ginas web como empleados de una compa\u00f1\u00eda de acceso a Internet llamada Telesat. Estos chicos, Lucio P\u00e9rez y Alex Rhomandt, ten\u00edan adem\u00e1s otras aficiones: Lucio hab\u00eda sido integrante de una banda de rock en su \u00e9poca universitaria. &#8230; <a title=\"Historia de esta Web\" class=\"read-more\" href=\"https:\/\/www.oraculochino.org\/iching\/historia\/\">Read more<\/a><\/p>\n","protected":false},"author":1,"featured_media":0,"parent":0,"menu_order":0,"comment_status":"closed","ping_status":"closed","template":"","meta":{"_glsr_average":0,"_glsr_ranking":0,"_glsr_reviews":0,"footnotes":""},"class_list":["post-156","page","type-page","status-publish"],"yoast_head":"<!-- This site is optimized with the Yoast SEO plugin v25.6 - https:\/\/yoast.com\/wordpress\/plugins\/seo\/ -->\n<title>I Ching - Historia de esta Web<\/title>\n<meta name=\"description\" content=\"En 1998 el Esp\u00edritu del I Ching quiso brindarse al mundo a trav\u00e9s del naciente medio virtual de Internet. Dos j\u00f3venes ingenieros colombianos ser\u00edan los medios para ello.\" \/>\n<meta name=\"robots\" content=\"index, follow, max-snippet:-1, max-image-preview:large, max-video-preview:-1\" \/>\n<link rel=\"canonical\" href=\"https:\/\/www.oraculochino.org\/iching\/historia\/\" \/>\n<meta property=\"og:locale\" content=\"es_ES\" \/>\n<meta property=\"og:type\" content=\"article\" \/>\n<meta property=\"og:title\" content=\"I Ching - Historia de esta Web\" \/>\n<meta property=\"og:description\" content=\"En 1998 el Esp\u00edritu del I Ching quiso brindarse al mundo a trav\u00e9s del naciente medio virtual de Internet. Dos j\u00f3venes ingenieros colombianos ser\u00edan los medios para ello.\" \/>\n<meta property=\"og:url\" content=\"https:\/\/www.oraculochino.org\/iching\/historia\/\" \/>\n<meta property=\"og:site_name\" content=\"I Ching\" \/>\n<meta property=\"article:publisher\" content=\"https:\/\/www.facebook.com\/iching.oraculochino\/\" \/>\n<meta property=\"article:modified_time\" content=\"2023-09-19T14:34:03+00:00\" \/>\n<meta property=\"og:image\" content=\"https:\/\/www.oraculochino.org\/iching\/wp-content\/uploads\/2019\/11\/LucioPerez_AlexRhomandt_1998.jpg\" \/>\n<meta name=\"twitter:card\" content=\"summary_large_image\" \/>\n<meta name=\"twitter:site\" content=\"@oraculochino\" \/>\n<meta name=\"twitter:label1\" content=\"Tiempo de lectura\" \/>\n\t<meta name=\"twitter:data1\" content=\"7 minutos\" \/>\n<script type=\"application\/ld+json\" class=\"yoast-schema-graph\">{\"@context\":\"https:\/\/schema.org\",\"@graph\":[{\"@type\":\"WebPage\",\"@id\":\"https:\/\/www.oraculochino.org\/iching\/historia\/\",\"url\":\"https:\/\/www.oraculochino.org\/iching\/historia\/\",\"name\":\"I Ching - Historia de esta Web\",\"isPartOf\":{\"@id\":\"https:\/\/www.oraculochino.org\/iching\/#website\"},\"primaryImageOfPage\":{\"@id\":\"https:\/\/www.oraculochino.org\/iching\/historia\/#primaryimage\"},\"image\":{\"@id\":\"https:\/\/www.oraculochino.org\/iching\/historia\/#primaryimage\"},\"thumbnailUrl\":\"https:\/\/www.oraculochino.org\/iching\/wp-content\/uploads\/2019\/11\/LucioPerez_AlexRhomandt_1998.jpg\",\"datePublished\":\"2019-11-02T23:10:37+00:00\",\"dateModified\":\"2023-09-19T14:34:03+00:00\",\"description\":\"En 1998 el Esp\u00edritu del I Ching quiso brindarse al mundo a trav\u00e9s del naciente medio virtual de Internet. Dos j\u00f3venes ingenieros colombianos ser\u00edan los medios para ello.\",\"breadcrumb\":{\"@id\":\"https:\/\/www.oraculochino.org\/iching\/historia\/#breadcrumb\"},\"inLanguage\":\"es\",\"potentialAction\":[{\"@type\":\"ReadAction\",\"target\":[\"https:\/\/www.oraculochino.org\/iching\/historia\/\"]}]},{\"@type\":\"ImageObject\",\"inLanguage\":\"es\",\"@id\":\"https:\/\/www.oraculochino.org\/iching\/historia\/#primaryimage\",\"url\":\"https:\/\/www.oraculochino.org\/iching\/wp-content\/uploads\/2019\/11\/LucioPerez_AlexRhomandt_1998.jpg\",\"contentUrl\":\"https:\/\/www.oraculochino.org\/iching\/wp-content\/uploads\/2019\/11\/LucioPerez_AlexRhomandt_1998.jpg\",\"width\":486,\"height\":485},{\"@type\":\"BreadcrumbList\",\"@id\":\"https:\/\/www.oraculochino.org\/iching\/historia\/#breadcrumb\",\"itemListElement\":[{\"@type\":\"ListItem\",\"position\":1,\"name\":\"Portada\",\"item\":\"https:\/\/www.oraculochino.org\/iching\/\"},{\"@type\":\"ListItem\",\"position\":2,\"name\":\"Historia de esta Web\"}]},{\"@type\":\"WebSite\",\"@id\":\"https:\/\/www.oraculochino.org\/iching\/#website\",\"url\":\"https:\/\/www.oraculochino.org\/iching\/\",\"name\":\"I Ching\",\"description\":\"El Or\u00e1culo Chino de los Cambios\",\"publisher\":{\"@id\":\"https:\/\/www.oraculochino.org\/iching\/#organization\"},\"potentialAction\":[{\"@type\":\"SearchAction\",\"target\":{\"@type\":\"EntryPoint\",\"urlTemplate\":\"https:\/\/www.oraculochino.org\/iching\/?s={search_term_string}\"},\"query-input\":{\"@type\":\"PropertyValueSpecification\",\"valueRequired\":true,\"valueName\":\"search_term_string\"}}],\"inLanguage\":\"es\"},{\"@type\":\"Organization\",\"@id\":\"https:\/\/www.oraculochino.org\/iching\/#organization\",\"name\":\"Or\u00e1culo Chino\",\"alternateName\":\"i ching\",\"url\":\"https:\/\/www.oraculochino.org\/iching\/\",\"logo\":{\"@type\":\"ImageObject\",\"inLanguage\":\"es\",\"@id\":\"https:\/\/www.oraculochino.org\/iching\/#\/schema\/logo\/image\/\",\"url\":\"https:\/\/www.oraculochino.org\/iching\/wp-content\/uploads\/2023\/02\/I-Ching-cuero-e1676658649719.jpg\",\"contentUrl\":\"https:\/\/www.oraculochino.org\/iching\/wp-content\/uploads\/2023\/02\/I-Ching-cuero-e1676658649719.jpg\",\"width\":375,\"height\":375,\"caption\":\"Or\u00e1culo Chino\"},\"image\":{\"@id\":\"https:\/\/www.oraculochino.org\/iching\/#\/schema\/logo\/image\/\"},\"sameAs\":[\"https:\/\/www.facebook.com\/iching.oraculochino\/\",\"https:\/\/x.com\/oraculochino\",\"https:\/\/tiktok.com\/@OraculoChino\",\"https:\/\/www.instagram.com\/oraculochino\/\"]}]}<\/script>\n<!-- \/ Yoast SEO plugin. -->","yoast_head_json":{"title":"I Ching - Historia de esta Web","description":"En 1998 el Esp\u00edritu del I Ching quiso brindarse al mundo a trav\u00e9s del naciente medio virtual de Internet. Dos j\u00f3venes ingenieros colombianos ser\u00edan los medios para ello.","robots":{"index":"index","follow":"follow","max-snippet":"max-snippet:-1","max-image-preview":"max-image-preview:large","max-video-preview":"max-video-preview:-1"},"canonical":"https:\/\/www.oraculochino.org\/iching\/historia\/","og_locale":"es_ES","og_type":"article","og_title":"I Ching - Historia de esta Web","og_description":"En 1998 el Esp\u00edritu del I Ching quiso brindarse al mundo a trav\u00e9s del naciente medio virtual de Internet. Dos j\u00f3venes ingenieros colombianos ser\u00edan los medios para ello.","og_url":"https:\/\/www.oraculochino.org\/iching\/historia\/","og_site_name":"I Ching","article_publisher":"https:\/\/www.facebook.com\/iching.oraculochino\/","article_modified_time":"2023-09-19T14:34:03+00:00","og_image":[{"url":"https:\/\/www.oraculochino.org\/iching\/wp-content\/uploads\/2019\/11\/LucioPerez_AlexRhomandt_1998.jpg","type":"","width":"","height":""}],"twitter_card":"summary_large_image","twitter_site":"@oraculochino","twitter_misc":{"Tiempo de lectura":"7 minutos"},"schema":{"@context":"https:\/\/schema.org","@graph":[{"@type":"WebPage","@id":"https:\/\/www.oraculochino.org\/iching\/historia\/","url":"https:\/\/www.oraculochino.org\/iching\/historia\/","name":"I Ching - Historia de esta Web","isPartOf":{"@id":"https:\/\/www.oraculochino.org\/iching\/#website"},"primaryImageOfPage":{"@id":"https:\/\/www.oraculochino.org\/iching\/historia\/#primaryimage"},"image":{"@id":"https:\/\/www.oraculochino.org\/iching\/historia\/#primaryimage"},"thumbnailUrl":"https:\/\/www.oraculochino.org\/iching\/wp-content\/uploads\/2019\/11\/LucioPerez_AlexRhomandt_1998.jpg","datePublished":"2019-11-02T23:10:37+00:00","dateModified":"2023-09-19T14:34:03+00:00","description":"En 1998 el Esp\u00edritu del I Ching quiso brindarse al mundo a trav\u00e9s del naciente medio virtual de Internet. Dos j\u00f3venes ingenieros colombianos ser\u00edan los medios para ello.","breadcrumb":{"@id":"https:\/\/www.oraculochino.org\/iching\/historia\/#breadcrumb"},"inLanguage":"es","potentialAction":[{"@type":"ReadAction","target":["https:\/\/www.oraculochino.org\/iching\/historia\/"]}]},{"@type":"ImageObject","inLanguage":"es","@id":"https:\/\/www.oraculochino.org\/iching\/historia\/#primaryimage","url":"https:\/\/www.oraculochino.org\/iching\/wp-content\/uploads\/2019\/11\/LucioPerez_AlexRhomandt_1998.jpg","contentUrl":"https:\/\/www.oraculochino.org\/iching\/wp-content\/uploads\/2019\/11\/LucioPerez_AlexRhomandt_1998.jpg","width":486,"height":485},{"@type":"BreadcrumbList","@id":"https:\/\/www.oraculochino.org\/iching\/historia\/#breadcrumb","itemListElement":[{"@type":"ListItem","position":1,"name":"Portada","item":"https:\/\/www.oraculochino.org\/iching\/"},{"@type":"ListItem","position":2,"name":"Historia de esta Web"}]},{"@type":"WebSite","@id":"https:\/\/www.oraculochino.org\/iching\/#website","url":"https:\/\/www.oraculochino.org\/iching\/","name":"I Ching","description":"El Or\u00e1culo Chino de los Cambios","publisher":{"@id":"https:\/\/www.oraculochino.org\/iching\/#organization"},"potentialAction":[{"@type":"SearchAction","target":{"@type":"EntryPoint","urlTemplate":"https:\/\/www.oraculochino.org\/iching\/?s={search_term_string}"},"query-input":{"@type":"PropertyValueSpecification","valueRequired":true,"valueName":"search_term_string"}}],"inLanguage":"es"},{"@type":"Organization","@id":"https:\/\/www.oraculochino.org\/iching\/#organization","name":"Or\u00e1culo Chino","alternateName":"i ching","url":"https:\/\/www.oraculochino.org\/iching\/","logo":{"@type":"ImageObject","inLanguage":"es","@id":"https:\/\/www.oraculochino.org\/iching\/#\/schema\/logo\/image\/","url":"https:\/\/www.oraculochino.org\/iching\/wp-content\/uploads\/2023\/02\/I-Ching-cuero-e1676658649719.jpg","contentUrl":"https:\/\/www.oraculochino.org\/iching\/wp-content\/uploads\/2023\/02\/I-Ching-cuero-e1676658649719.jpg","width":375,"height":375,"caption":"Or\u00e1culo Chino"},"image":{"@id":"https:\/\/www.oraculochino.org\/iching\/#\/schema\/logo\/image\/"},"sameAs":["https:\/\/www.facebook.com\/iching.oraculochino\/","https:\/\/x.com\/oraculochino","https:\/\/tiktok.com\/@OraculoChino","https:\/\/www.instagram.com\/oraculochino\/"]}]}},"_links":{"self":[{"href":"https:\/\/www.oraculochino.org\/iching\/wp-json\/wp\/v2\/pages\/156"}],"collection":[{"href":"https:\/\/www.oraculochino.org\/iching\/wp-json\/wp\/v2\/pages"}],"about":[{"href":"https:\/\/www.oraculochino.org\/iching\/wp-json\/wp\/v2\/types\/page"}],"author":[{"embeddable":true,"href":"https:\/\/www.oraculochino.org\/iching\/wp-json\/wp\/v2\/users\/1"}],"replies":[{"embeddable":true,"href":"https:\/\/www.oraculochino.org\/iching\/wp-json\/wp\/v2\/comments?post=156"}],"version-history":[{"count":0,"href":"https:\/\/www.oraculochino.org\/iching\/wp-json\/wp\/v2\/pages\/156\/revisions"}],"wp:attachment":[{"href":"https:\/\/www.oraculochino.org\/iching\/wp-json\/wp\/v2\/media?parent=156"}],"curies":[{"name":"wp","href":"https:\/\/api.w.org\/{rel}","templated":true}]}}